{"id":20,"date":"2015-10-19T20:05:29","date_gmt":"2015-10-19T23:05:29","guid":{"rendered":"http:\/\/www.eldiariodesanpedro.com.ar\/?page_id=20"},"modified":"2016-04-11T18:05:22","modified_gmt":"2016-04-11T21:05:22","slug":"contacto","status":"publish","type":"page","link":"https:\/\/eldiariodesanpedro.com.ar\/sitio\/contacto\/","title":{"rendered":"Contacto"},"content":{"rendered":"<p><!-- VideographyWP Plugin Message: Automatic video embedding prevented by plugin options. --><br \/>\n<div class=\"googlemaps alignleft\">\n\t\t\t\t<iframe width=\"360\" height=\"400\" frameborder=\"0\" scrolling=\"no\" marginheight=\"0\" marginwidth=\"0\"  data-src=\"https:\/\/www.google.com\/maps\/embed?pb=!1m18!1m12!1m3!1d3320.104858878996!2d-59.669484384671826!3d-33.68034891673418!2m3!1f0!2f0!3f0!3m2!1i1024!2i768!4f13.1!3m3!1m2!1s0x95ba22d06e7abe59:0xb75372659adfada!2sBartolom\u00e9%20Mitre%201085,%20San%20Pedro,%20Buenos%20Aires!5e0!3m2!1ses-419!2sar!4v1460407776585\" src=\"data:image\/svg+xml;base64,PHN2ZyB3aWR0aD0iMSIgaGVpZ2h0PSIxIiB4bWxucz0iaHR0cDovL3d3dy53My5vcmcvMjAwMC9zdmciPjwvc3ZnPg==\" class=\"lazyload\" data-load-mode=\"1\"><\/iframe>\n\t\t\t<\/div>Para publicitar en la versi\u00f3n gr\u00e1fica y Web de El Diario de San Pedro, comun\u00edquese al 03329\u00a0420400 y solicite por el \u00c1rea\u00a0de Publicidad, a cargo de Mirta G. Bettendorff. Podemos ofrecerle propuestas para todos los presupuestos y distintas alternativas de pago. Adem\u00e1s puede solicitarnos informaci\u00f3n o establecer contacto por correo electr\u00f3nico escribiendo a contacto[at]eldiariodesanpedro.com.ar. Muchas gracias por visitarnos!<\/p>\n<hr \/>\n<h3>Contacte con nosotros:<\/h3>\n\n<div class=\"wpcf7 no-js\" id=\"wpcf7-f19-o1\" lang=\"es-ES\" dir=\"ltr\" data-wpcf7-id=\"19\">\n<div class=\"screen-reader-response\"><p role=\"status\" aria-live=\"polite\" aria-atomic=\"true\"><\/p> <ul><\/ul><\/div>\n<form action=\"\/sitio\/wp-json\/wp\/v2\/pages\/20#wpcf7-f19-o1\" method=\"post\" class=\"wpcf7-form init\" aria-label=\"Formulario de contacto\" novalidate=\"novalidate\" data-status=\"init\">\n<fieldset class=\"hidden-fields-container\"><input type=\"hidden\" name=\"_wpcf7\" value=\"19\" \/><input type=\"hidden\" name=\"_wpcf7_version\" value=\"6.1.5\" \/><input type=\"hidden\" name=\"_wpcf7_locale\" value=\"es_ES\" \/><input type=\"hidden\" name=\"_wpcf7_unit_tag\" value=\"wpcf7-f19-o1\" \/><input type=\"hidden\" name=\"_wpcf7_container_post\" value=\"0\" \/><input type=\"hidden\" name=\"_wpcf7_posted_data_hash\" value=\"\" \/><input type=\"hidden\" name=\"_wpcf7_recaptcha_response\" value=\"\" \/>\n<\/fieldset>\n<p>Nombre: (requerido)\n<\/p>\n<p><span class=\"wpcf7-form-control-wrap\" data-name=\"your-name\"><input size=\"40\" maxlength=\"400\" class=\"wpcf7-form-control wpcf7-text wpcf7-validates-as-required\" aria-required=\"true\" aria-invalid=\"false\" value=\"\" type=\"text\" name=\"your-name\" \/><\/span>\n<\/p>\n<p>Correo electr\u00f3nico: (requerido)\n<\/p>\n<p><span class=\"wpcf7-form-control-wrap\" data-name=\"your-email\"><input size=\"40\" maxlength=\"400\" class=\"wpcf7-form-control wpcf7-email wpcf7-validates-as-required wpcf7-text wpcf7-validates-as-email\" aria-required=\"true\" aria-invalid=\"false\" value=\"\" type=\"email\" name=\"your-email\" \/><\/span>\n<\/p>\n<p>Mensaje\n<\/p>\n<p><span class=\"wpcf7-form-control-wrap\" data-name=\"your-message\"><textarea cols=\"40\" rows=\"10\" maxlength=\"2000\" class=\"wpcf7-form-control wpcf7-textarea\" aria-invalid=\"false\" name=\"your-message\"><\/textarea><\/span>\n<\/p>\n<p><input class=\"wpcf7-form-control wpcf7-submit has-spinner\" type=\"submit\" value=\"Enviar\" \/>\n<\/p><input type='hidden' class='wpcf7-pum' value='{\"closepopup\":false,\"closedelay\":0,\"openpopup\":false,\"openpopup_id\":0}' \/><div class=\"wpcf7-response-output\" aria-hidden=\"true\"><\/div>\n<\/form>\n<\/div>\n\n","protected":false},"excerpt":{"rendered":"<p>Para publicitar en la versi\u00f3n gr\u00e1fica y Web de El Diario de San Pedro, comun\u00edquese al 03329\u00a0420400 y solicite por el \u00c1rea\u00a0de Publicidad, a cargo de Mirta G. Bettendorff. Podemos ofrecerle propuestas para todos los presupuestos y distintas alternativas de pago. Adem\u00e1s puede solicitarnos informaci\u00f3n o establecer contacto por correo electr\u00f3nico escribiendo a contacto[at]eldiariodesanpedro.com.ar. Muchas [&hellip;]<\/p>\n","protected":false},"author":2,"featured_media":0,"parent":0,"menu_order":0,"comment_status":"closed","ping_status":"closed","template":"page-templates\/contact.php","meta":{"om_disable_all_campaigns":false,"footnotes":""},"class_list":["post-20","page","type-page","status-publish","hentry"],"aioseo_notices":[],"jetpack_shortlink":"https:\/\/wp.me\/P6RhLt-k","jetpack_sharing_enabled":true,"_links":{"self":[{"href":"https:\/\/eldiariodesanpedro.com.ar\/sitio\/wp-json\/wp\/v2\/pages\/20","targetHints":{"allow":["GET"]}}],"collection":[{"href":"https:\/\/eldiariodesanpedro.com.ar\/sitio\/wp-json\/wp\/v2\/pages"}],"about":[{"href":"https:\/\/eldiariodesanpedro.com.ar\/sitio\/wp-json\/wp\/v2\/types\/page"}],"author":[{"embeddable":true,"href":"https:\/\/eldiariodesanpedro.com.ar\/sitio\/wp-json\/wp\/v2\/users\/2"}],"replies":[{"embeddable":true,"href":"https:\/\/eldiariodesanpedro.com.ar\/sitio\/wp-json\/wp\/v2\/comments?post=20"}],"version-history":[{"count":16,"href":"https:\/\/eldiariodesanpedro.com.ar\/sitio\/wp-json\/wp\/v2\/pages\/20\/revisions"}],"predecessor-version":[{"id":2897,"href":"https:\/\/eldiariodesanpedro.com.ar\/sitio\/wp-json\/wp\/v2\/pages\/20\/revisions\/2897"}],"wp:attachment":[{"href":"https:\/\/eldiariodesanpedro.com.ar\/sitio\/wp-json\/wp\/v2\/media?parent=20"}],"curies":[{"name":"wp","href":"https:\/\/api.w.org\/{rel}","templated":true}]}}

<p><!-- VideographyWP Plugin Message: Automatic video embedding prevented by plugin options. --><br />
<div class="googlemaps alignleft">
				<iframe width="360" height="400" frameborder="0" scrolling="no" marginheight="0" marginwidth="0"  data-src="https://www.google.com/maps/embed?pb=!1m18!1m12!1m3!1d3320.104858878996!2d-59.669484384671826!3d-33.68034891673418!2m3!1f0!2f0!3f0!3m2!1i1024!2i768!4f13.1!3m3!1m2!1s0x95ba22d06e7abe59:0xb75372659adfada!2sBartolomé%20Mitre%201085,%20San%20Pedro,%20Buenos%20Aires!5e0!3m2!1ses-419!2sar!4v1460407776585" src="data:image/svg+xml;base64,PHN2ZyB3aWR0aD0iMSIgaGVpZ2h0PSIxIiB4bWxucz0iaHR0cDovL3d3dy53My5vcmcvMjAwMC9zdmciPjwvc3ZnPg==" class="lazyload" data-load-mode="1"></iframe>
			</div>Para publicitar en la versión gráfica y Web de El Diario de San Pedro, comuníquese al 03329 420400 y solicite por el Área de Publicidad, a cargo de Mirta G. Bettendorff. Podemos ofrecerle propuestas para todos los presupuestos y distintas alternativas de pago. Además puede solicitarnos información o establecer contacto por correo electrónico escribiendo a contacto[at]eldiariodesanpedro.com.ar. Muchas gracias por visitarnos!</p>
<hr />
<h3>Contacte con nosotros:</h3>

<div class="wpcf7 no-js" id="wpcf7-f19-o1" lang="es-ES" dir="ltr" data-wpcf7-id="19">
<div class="screen-reader-response"><p role="status" aria-live="polite" aria-atomic="true"></p> <ul></ul></div>
<form action="/sitio/wp-json/wp/v2/pages/20#wpcf7-f19-o1" method="post" class="wpcf7-form init" aria-label="Formulario de contacto" novalidate="novalidate" data-status="init">
<fieldset class="hidden-fields-container"><input type="hidden" name="_wpcf7" value="19" /><input type="hidden" name="_wpcf7_version" value="6.1.5" /><input type="hidden" name="_wpcf7_locale" value="es_ES" /><input type="hidden" name="_wpcf7_unit_tag" value="wpcf7-f19-o1" /><input type="hidden" name="_wpcf7_container_post" value="0" /><input type="hidden" name="_wpcf7_posted_data_hash" value="" /><input type="hidden" name="_wpcf7_recaptcha_response" value="" />
</fieldset>
<p>Nombre: (requerido)
</p>
<p><span class="wpcf7-form-control-wrap" data-name="your-name"><input size="40" maxlength="400" class="wpcf7-form-control wpcf7-text wpcf7-validates-as-required" aria-required="true" aria-invalid="false" value="" type="text" name="your-name" /></span>
</p>
<p>Correo electrónico: (requerido)
</p>
<p><span class="wpcf7-form-control-wrap" data-name="your-email"><input size="40" maxlength="400" class="wpcf7-form-control wpcf7-email wpcf7-validates-as-required wpcf7-text wpcf7-validates-as-email" aria-required="true" aria-invalid="false" value="" type="email" name="your-email" /></span>
</p>
<p>Mensaje
</p>
<p><span class="wpcf7-form-control-wrap" data-name="your-message"><textarea cols="40" rows="10" maxlength="2000" class="wpcf7-form-control wpcf7-textarea" aria-invalid="false" name="your-message"></textarea></span>
</p>
<p><input class="wpcf7-form-control wpcf7-submit has-spinner" type="submit" value="Enviar" />
</p><input type='hidden' class='wpcf7-pum' value='{"closepopup":false,"closedelay":0,"openpopup":false,"openpopup_id":0}' /><div class="wpcf7-response-output" aria-hidden="true"></div>
</form>
</div>

<p>Para publicitar en la versión gráfica y Web de El Diario de San Pedro, comuníquese al 03329 420400 y solicite por el Área de Publicidad, a cargo de Mirta G. Bettendorff. Podemos ofrecerle propuestas para todos los presupuestos y distintas alternativas de pago. Además puede solicitarnos información o establecer contacto por correo electrónico escribiendo a contacto[at]eldiariodesanpedro.com.ar. Muchas [&hellip;]</p>
